
2
Let d(h) = h + 4*h**2 + 4*h - 5*h**2 + 6. Let k be d(6). Suppose 2*y - 1 - 19 = k. What are the prime factors of y?
2, 5
Suppose 3*r - 48 = 21. Let f = -3 + r. Suppose -j + f = 4*q, -q - q = -4*j - 28. List the prime factors of q.
2, 3
Let q = -27 + 50. List the prime factors of q.
23
Suppose 2*i - 3525 = -13*i. What are the prime factors of i?
5, 47
List the prime factors of (-2 + -3 + 4)/(1/(-60)).
2, 3, 5
Let b = 41 - -92. List the prime factors of b.
7, 19
Let a(h) = 180*h + 2. What are the prime factors of a(1)?
2, 7, 13
Let j be 2/(-9) + 76/18. Suppose j*h + 7 = 27. List the prime factors of h.
5
Let n be 55/33*3/1. Let a(b) = b + 9. Let r be a(-5). Suppose -r*y + 21 = n. What are the prime factors of y?
2
Let w(b) = -21*b + 19. Let y(x) = -11*x + 10. Let i(r) = -6*w(r) + 11*y(r). What are the prime factors of i(3)?
11
Let w = 41 - 5. Let p(l) = -4*l**3 + l**2 + l + 1. Let k be p(2). Let a = w + k. What are the prime factors of a?
11
Suppose 0 = -5*r + 3*q + 181, -6*r - 5*q + 205 = -r. List the prime factors of r.
2, 19
Let r(n) = -n**2 + 5*n + 2. Let o be r(5). Let c = 0 + o. What are the prime factors of c?
2
Suppose a + b + 11 = 4*a, -14 = -2*a + 4*b. Suppose -w + 2*l = 0, -a*l + 0 = 2*w + 21. List the prime factors of (3/(-2))/1*w.
3
Suppose 3*i + m = -19 - 8, 0 = 4*i - m + 36. Let x(p) = -p - 8. Let g be x(i). Suppose -5*s - 5*j = -40, -4*s = -3*j + 2 + g. What are the prime factors of s?
3
Let c be (-2)/8 - 13/(-4). Let z = 1 - c. List the prime factors of z + 0 + 78/6.
11
Let t = -44 - -69. Let q = 45 - t. List the prime factors of q.
2, 5
What are the prime factors of 39/26*(-32)/(-6)?
2
Let n(c) = c**3 - 15*c**2 + 14*c + 10. List the prime factors of n(14).
2, 5
Let q(w) = w**3 - 2*w**2 - w + 4. Let b be q(3). Suppose -s + 5 = -b. Suppose -3*p + 6 = 0, 4*f - 2*p + 7 - s = 0. What are the prime factors of f?
3
Let g = -23 - -32. What are the prime factors of g?
3
Suppose m + 8 = -3*r, 4*m - 12 - 8 = r. Let i(a) = m*a + 0*a - 3*a - 1. List the prime factors of i(7).
2, 3
Let g be (-3)/(-5) - (-3)/(-5). Suppose -2*z + 5*l + 21 = g, 3*z + 6*l = 3*l + 42. List the prime factors of z.
13
Suppose 2*d + h + h - 238 = 0, 593 = 5*d + 3*h. Suppose 4*w - d + 22 = -5*k, -4*w + 96 = -2*k. List the prime factors of w.
2, 3
Let c = -55 + 405. What are the prime factors of c?
2, 5, 7
Let d be (-5)/(-4)*20/5. Suppose -4*u + 11 + d = 0. List the prime factors of u.
2
Let s = -66 - -116. What are the prime factors of s?
2, 5
Let c = 105 + -152. Let j = c - -87. List the prime factors of j.
2, 5
Let c(g) be the third derivative of g**5/60 - 7*g**4/24 + 2*g**3/3 + 6*g**2. Let b = -4 + 11. List the prime factors of c(b).
2
Suppose v = -4*i + 27, -3*i + 3 = -4*v - 3. Suppose 3*t - i*t = 6. Let m(k) = -5*k. List the prime factors of m(t).
2, 5
Suppose -2*i = -x - 17, 3 + 10 = i - 2*x. What are the prime factors of i?
7
Let f(x) = x - 5. Let r be f(5). Suppose 3*n = -r*n - 78. Let d = -15 - n. What are the prime factors of d?
11
Let m = -4 - -8. Suppose 0*g + 22 = m*k - g, -5*k + 5*g + 20 = 0. What are the prime factors of k?
2, 3
Let s(d) = d**2 - d - 17. List the prime factors of s(7).
5
Suppose -3*o - 6 = -7*k + 2*k, 5*k - 18 = -o. Suppose -j - 8 = -k*j. What are the prime factors of j?
2
Suppose -6 = -2*v, -4*d - v - 112 = d. Let q = d - -39. Suppose 5*n - 5*y - 9 = q, 3*n = -2*y + 40. List the prime factors of n.
2, 5
Let l = 3 - 0. Suppose 2*a + 11 = l*a. List the prime factors of a.
11
Let a = 3 + 0. Suppose 1 = -2*k - 5*b, -2*k = 5*b - a*b - 2. List the prime factors of k/8 - 129/(-12).
11
Suppose -3*q + 387 = 111. List the prime factors of q.
2, 23
Suppose -o - 4 = -0. Let v = 3 - o. List the prime factors of v.
7
Suppose 0 = 2*o - 5*y - 53, -77 = -4*o + 3*y + 50. List the prime factors of o.
2, 17
Suppose 2*j + 4*x = -20 + 4, 3*j + 4*x + 14 = 0. Let a be 2/4 - (-11)/j. Suppose -5*l = -2*l - a. What are the prime factors of l?
2
Let w(z) = -z**3 + 6*z**2 - 3*z + 3. Suppose -5*n + 13 = -2*f - f, 0 = -4*f - 3*n + 31. Let c be w(f). Suppose -4 = -3*t + c. What are the prime factors of t?
3
Let c(i) = i - 3. Let m be c(3). Suppose m = 2*p + p. Suppose p = -y - y + 3*q + 8, 3*q = 0. List the prime factors of y.
2
Let t(x) = -x**2 + 13*x + 4. Let f be t(13). Suppose -f*v + 148 = -0*v. List the prime factors of v.
37
Let d(q) = q**2 - 16*q - 24. What are the prime factors of d(18)?
2, 3
Let w be (-2 + 7)/((-1)/1). Let g(v) = -v**3 - 5*v**2 + 6*v - 6. Let a be g(w). Let p = a - -53. What are the prime factors of p?
17
Suppose -4*f + 5*c + 1015 = 0, 2*f + f - 795 = -3*c. List the prime factors of f.
2, 5, 13
Let f(i) = -2*i + 1. Let g be f(-2). Suppose g*c - 17 - 13 = 0. What are the prime factors of c?
2, 3
Let h(b) = -b - 2. Let i be h(-4). Suppose i*v + 0*v - 4 = 0. Suppose k + v = 6. What are the prime factors of k?
2
Suppose -4*o + 20 + 155 = 5*d, 2*o = -3*d + 105. List the prime factors of d.
5, 7
Suppose 3*p + 37 = 13. Let v = 2 + p. List the prime factors of (-5)/((-15)/v) + 14.
2, 3
Suppose 4*d = n - 35, 3*n = -2*n - 4*d + 103. Suppose f + 5*m = 33, f + m - n = 6. Suppose 9*g = 4*g + a + 29, 4*g = -4*a + f. What are the prime factors of g?
2, 3
Let x be (1 + 17)*6/(-12). Let f(a) = a**2 + 10*a + 9. Let w be f(x). Suppose 4*q + q - 70 = w. What are the prime factors of q?
2, 7
Let v(n) = -n + 4. Let i be v(6). Let g be (24/(-30))/(i/10). Suppose g*z = s + 44, -3*s - 29 + 5 = -3*z. What are the prime factors of z?
2, 3
What are the prime factors of -10*((3 - 11) + 2)?
2, 3, 5
Let h(o) = -o**2 - 4*o - 8. Let x be 0 - ((-2)/(-1) - -4). Let a be h(x). Let d = a - -33. What are the prime factors of d?
13
Let v(x) = 3*x - 6. Let o(g) = 6*g**3 + g + 2*g**2 - 1 - 2*g**2. Let s be o(1). List the prime factors of v(s).
2, 3
Suppose 3*j + 25 = z, -7*z + 69 = -4*z - 3*j. List the prime factors of z.
2, 11
Suppose 2*o = 2, -3*t = -2*t + 2*o. What are the prime factors of (-3 + t)*(-3 + 0)?
3, 5
Suppose 959 = 6*r - 259. Suppose -8*p + p + r = 0. List the prime factors of p.
29
Suppose -v + 5*d + 8 = 4*d, 25 = 5*d. Suppose 0 = 4*y - r + v, 5*y + 26 = -0*r - 2*r. List the prime factors of (-2 - y) + -2 - -5.
5
Let d be ((-1)/2)/((-2)/(-52)). Let o(f) = f + 7. Let n be o(-8). Let b = n - d. List the prime factors of b.
2, 3
Let w(g) = -3*g**3 - g**2 + 1. Let n be 15/(-12) + 2/8. Let c be w(n). Suppose c*m - 24 - 24 = 0. List the prime factors of m.
2
Suppose 3*o = 4*o - 3. Suppose -5*x - 2*q + 55 = 3*q, -o*q + 55 = 5*x. What are the prime factors of x?
11
Suppose -3*p + 5 = -4*p, -i - 3*p = -292. What are the prime factors of i?
307
Suppose 0*u - 5 = 5*u. What are the prime factors of -20*(u - (-1)/5)?
2
Let x(a) = -a**3 + 5*a**2 + 4*a + 5. List the prime factors of x(5).
5
Let w(a) = a**2 + a - 8. Let x be w(0). List the prime factors of 12/(-16) - 150/x.
2, 3
Suppose -2*o = g - 8, 0 = g + g + 3*o - 15. Let u = g - 2. Suppose 5*s + 15 = 2*z, -2*z + u*s + 13 = s. List the prime factors of z.
5
Suppose 2*f = -3*f + 25, -5*f + 25 = -z. Suppose 0 = -p + 3*r + 17, -r - 68 = -4*p - z*r. List the prime factors of p.
17
Let w(t) = -t + 48. Let h be 1/(-6) + 1/6. What are the prime factors of w(h)?
2, 3
Suppose -5*o - 4*f + 495 = -3*f, 0 = -4*o + 4*f + 396. What are the prime factors of o?
3, 11
Let j(d) = -5*d**3 - 3*d**2 + 7*d + 2. What are the prime factors of j(-4)?
2, 3, 41
Let y = 188 + -119. Suppose -2*o = 2*s - 74, 0 = 4*o - s - 59 - y. What are the prime factors of o?
3, 11
Suppose -4*z + 9 = -179. List the prime factors of z.
47
Let g(c) = -42*c + 3. List the prime factors of g(-2).
3, 29
Suppose -4*b + 2*k + 46 = 0, -4*b + k - 3*k = -34. List the prime factors of b.
2, 5
Let h(y) = 6*y**2 + 6*y - 2. List the prime factors of h(-3).
2, 17
Suppose i + 3 = 1. Let r be 1 + 1/2*i. Suppose -x + 4*n = -4, r = -5*x + n + 13 + 45. List the prime factors of x.
2, 3
Suppose -i - 141 = 2*a - 6*a, 0 = 3*a + 5*i - 123. List the prime factors of a.
2, 3
Let c = -71 + 124. What are the prime factors of c?
53
Suppose -2*u - 3*y + 13 = -12, 0 = -y + 5. Let d = u + -2. What are the prime factors of d?
3
Suppose 0 = -4*w + 8, 3*r - 376 = -5*w - 0*w. List the prime factors of r.
2, 61
Suppose -8 = 2*t - 3*t. Let w = 20 - t. What are the prime factors of w?
2, 3
List the pr